{"id":9425,"date":"2026-04-13T17:21:41","date_gmt":"2026-04-13T22:21:41","guid":{"rendered":"https:\/\/emilyglasses.com\/?post_type=product&#038;p=9425"},"modified":"2026-04-13T17:24:00","modified_gmt":"2026-04-13T22:24:00","slug":"montura-gafas-duchess-vision","status":"publish","type":"product","link":"https:\/\/emilyglasses.com\/index.php\/product\/montura-gafas-duchess-vision\/","title":{"rendered":"Montura Gafas Duchess Vision"},"content":{"rendered":"<p data-start=\"83\" data-end=\"235\"><strong data-start=\"83\" data-end=\"130\">Descubre la elegancia que define tu estilo.<\/strong><br data-start=\"130\" data-end=\"133\" \/>Nuestras gafas de mujer est\u00e1n dise\u00f1adas para resaltar tu esencia y elevar cada look con sofisticaci\u00f3n.<\/p>\n<p data-start=\"237\" data-end=\"428\">M\u00e1s que un accesorio, son una declaraci\u00f3n de personalidad. Combinan tendencias actuales con un dise\u00f1o atemporal, adapt\u00e1ndose a cualquier ocasi\u00f3n: desde tu d\u00eda a d\u00eda hasta momentos especiales.<\/p>\n<p data-start=\"430\" data-end=\"617\">Fabricadas con materiales de alta calidad, ofrecen comodidad, durabilidad y un acabado impecable. Adem\u00e1s, su variedad de estilos y colores te permite encontrar el modelo perfecto para ti.<\/p>\n<p data-start=\"619\" data-end=\"711\" data-is-last-node=\"\" data-is-only-node=\"\"><strong data-start=\"619\" data-end=\"663\">Refina tu imagen. Destaca con elegancia.<\/strong><br data-start=\"663\" data-end=\"666\" \/>Haz de cada mirada una impresi\u00f3n inolvidable.<\/p>\n","protected":false},"excerpt":{"rendered":"<p>\u00a1Descubre el toque de elegancia y estilo que estabas buscando con nuestras gafas de mujer! Dise\u00f1adas para realzar la belleza natural y realzar tu personalidad \u00fanica, nuestras gafas son mucho m\u00e1s que un simple accesorio; son una declaraci\u00f3n de moda.<\/p>\n","protected":false},"featured_media":9370,"comment_status":"closed","ping_status":"closed","template":"","meta":[],"product_cat":[77,81],"product_tag":[],"class_list":["post-9425","product","type-product","status-publish","has-post-thumbnail","hentry","product_cat-monturas","product_cat-mujer"],"_links":{"self":[{"href":"https:\/\/emilyglasses.com\/index.php\/wp-json\/wp\/v3\/product\/9425","targetHints":{"allow":["GET"]}}],"collection":[{"href":"https:\/\/emilyglasses.com\/index.php\/wp-json\/wp\/v3\/product"}],"about":[{"href":"https:\/\/emilyglasses.com\/index.php\/wp-json\/wp\/v2\/types\/product"}],"replies":[{"embeddable":true,"href":"https:\/\/emilyglasses.com\/index.php\/wp-json\/wp\/v2\/comments?post=9425"}],"version-history":[{"count":1,"href":"https:\/\/emilyglasses.com\/index.php\/wp-json\/wp\/v3\/product\/9425\/revisions"}],"predecessor-version":[{"id":9426,"href":"https:\/\/emilyglasses.com\/index.php\/wp-json\/wp\/v3\/product\/9425\/revisions\/9426"}],"wp:featuredmedia":[{"embeddable":true,"href":"https:\/\/emilyglasses.com\/index.php\/wp-json\/wp\/v2\/media\/9370"}],"wp:attachment":[{"href":"https:\/\/emilyglasses.com\/index.php\/wp-json\/wp\/v2\/media?parent=9425"}],"wp:term":[{"taxonomy":"product_cat","embeddable":true,"href":"https:\/\/emilyglasses.com\/index.php\/wp-json\/wp\/v2\/product_cat?post=9425"},{"taxonomy":"product_tag","embeddable":true,"href":"https:\/\/emilyglasses.com\/index.php\/wp-json\/wp\/v2\/product_tag?post=9425"}],"curies":[{"name":"wp","href":"https:\/\/api.w.org\/{rel}","templated":true}]}}